{"version":"1.0","provider_name":"Almer\u00eda 2030","provider_url":"https:\/\/almeria2030.es\/en","title":"JORNADA DE C\u00c1LCULO DE LA HUELLA DE CARBONO - Almer\u00eda 2030","type":"rich","width":600,"height":338,"html":"<blockquote class=\"wp-embedded-content\" data-secret=\"7ikyJwSfes\"><a href=\"https:\/\/almeria2030.es\/en\/jornada-de-calculo-de-la-huella-de-carbono\/\">JORNADA DE C\u00c1LCULO DE LA HUELLA DE CARBONO<\/a><\/blockquote><iframe sandbox=\"allow-scripts\" security=\"restricted\" src=\"https:\/\/almeria2030.es\/en\/jornada-de-calculo-de-la-huella-de-carbono\/embed\/#?secret=7ikyJwSfes\" width=\"600\" height=\"338\" title=\"&#8220;JORNADA DE C\u00c1LCULO DE LA HUELLA DE CARBONO&#8221; &#8212; Almer\u00eda 2030\" data-secret=\"7ikyJwSfes\" frameborder=\"0\" marginwidth=\"0\" marginheight=\"0\" scrolling=\"no\" class=\"wp-embedded-content\"><\/iframe><script type=\"text\/javascript\">\n\/*! This file is auto-generated *\/\n!function(c,d){\"use strict\";var e=!1,o=!1;if(d.querySelector)if(c.addEventListener)e=!0;if(c.wp=c.wp||{},c.wp.receiveEmbedMessage);else if(c.wp.receiveEmbedMessage=function(e){var t=e.data;if(!t);else if(!(t.secret||t.message||t.value));else if(\/[^a-zA-Z0-9]\/.test(t.secret));else{for(var r,s,a,i=d.querySelectorAll('iframe[data-secret=\"'+t.secret+'\"]'),n=d.querySelectorAll('blockquote[data-secret=\"'+t.secret+'\"]'),o=new RegExp(\"^https?:$\",\"i\"),l=0;l<n.length;l++)n[l].style.display=\"none\";for(l=0;l<i.length;l++)if(r=i[l],e.source!==r.contentWindow);else{if(r.removeAttribute(\"style\"),\"height\"===t.message){if(1e3<(s=parseInt(t.value,10)))s=1e3;else if(~~s<200)s=200;r.height=s}if(\"link\"===t.message)if(s=d.createElement(\"a\"),a=d.createElement(\"a\"),s.href=r.getAttribute(\"src\"),a.href=t.value,!o.test(a.protocol));else if(a.host===s.host)if(d.activeElement===r)c.top.location.href=t.value}}},e)c.addEventListener(\"message\",c.wp.receiveEmbedMessage,!1),d.addEventListener(\"DOMContentLoaded\",t,!1),c.addEventListener(\"load\",t,!1);function t(){if(o);else{o=!0;for(var e,t,r,s=-1!==navigator.appVersion.indexOf(\"MSIE 10\"),a=!!navigator.userAgent.match(\/Trident.*rv:11\\.\/),i=d.querySelectorAll(\"iframe.wp-embedded-content\"),n=0;n<i.length;n++){if(!(r=(t=i[n]).getAttribute(\"data-secret\")))r=Math.random().toString(36).substr(2,10),t.src+=\"#?secret=\"+r,t.setAttribute(\"data-secret\",r);if(s||a)(e=t.cloneNode(!0)).removeAttribute(\"security\"),t.parentNode.replaceChild(e,t);t.contentWindow.postMessage({message:\"ready\",secret:r},\"*\")}}}}(window,document);\n<\/script>\n","thumbnail_url":"https:\/\/almeria2030.es\/wp-content\/uploads\/2020\/10\/JORNADA-CA\u0301LCULO-DE-LA-HUELLA-DE-CARBONO.jpg","thumbnail_width":500,"thumbnail_height":500,"description":"Jornada de trabajo en el vector \u201cLucha contra el Cambio Clim\u00e1tico\u201d presidida por Isabel Oller, donde la empresa Ecoterrae explic\u00f3 los objetivos del c\u00e1lculo de la huella de carbono para el ayuntamiento y el municipio de Almer\u00eda, y coordin\u00f3 la din\u00e1mica grupal, poniendo en valor los puntos fuertes y d\u00e9biles del municipio en la lucha [...]Read More..."}

Almería 2030

JORNADA DE CÁLCULO DE LA HUELLA DE CARBONO - Almería 2030

<blockquote class="wp-embedded-content" data-secret="7ikyJwSfes"><a href="https://almeria2030.es/en/jornada-de-calculo-de-la-huella-de-carbono/">JORNADA DE CÁLCULO DE LA HUELLA DE CARBONO</a></blockquote><iframe sandbox="allow-scripts" security="restricted" src="https://almeria2030.es/en/jornada-de-calculo-de-la-huella-de-carbono/embed/#?secret=7ikyJwSfes" width="600" height="338" title="&#8220;JORNADA DE CÁLCULO DE LA HUELLA DE CARBONO&#8221; &#8212; Almería 2030" data-secret="7ikyJwSfes" frameborder="0" marginwidth="0" marginheight="0" scrolling="no" class="wp-embedded-content"></iframe><script type="text/javascript">
/*! This file is auto-generated */
!function(c,d){"use strict";var e=!1,o=!1;if(d.querySelector)if(c.addEventListener)e=!0;if(c.wp=c.wp||{},c.wp.receiveEmbedMessage);else if(c.wp.receiveEmbedMessage=function(e){var t=e.data;if(!t);else if(!(t.secret||t.message||t.value));else if(/[^a-zA-Z0-9]/.test(t.secret));else{for(var r,s,a,i=d.querySelectorAll('iframe[data-secret="'+t.secret+'"]'),n=d.querySelectorAll('blockquote[data-secret="'+t.secret+'"]'),o=new RegExp("^https?:$","i"),l=0;l<n.length;l++)n[l].style.display="none";for(l=0;l<i.length;l++)if(r=i[l],e.source!==r.contentWindow);else{if(r.removeAttribute("style"),"height"===t.message){if(1e3<(s=parseInt(t.value,10)))s=1e3;else if(~~s<200)s=200;r.height=s}if("link"===t.message)if(s=d.createElement("a"),a=d.createElement("a"),s.href=r.getAttribute("src"),a.href=t.value,!o.test(a.protocol));else if(a.host===s.host)if(d.activeElement===r)c.top.location.href=t.value}}},e)c.addEventListener("message",c.wp.receiveEmbedMessage,!1),d.addEventListener("DOMContentLoaded",t,!1),c.addEventListener("load",t,!1);function t(){if(o);else{o=!0;for(var e,t,r,s=-1!==navigator.appVersion.indexOf("MSIE 10"),a=!!navigator.userAgent.match(/Trident.*rv:11\./),i=d.querySelectorAll("iframe.wp-embedded-content"),n=0;n<i.length;n++){if(!(r=(t=i[n]).getAttribute("data-secret")))r=Math.random().toString(36).substr(2,10),t.src+="#?secret="+r,t.setAttribute("data-secret",r);if(s||a)(e=t.cloneNode(!0)).removeAttribute("security"),t.parentNode.replaceChild(e,t);t.contentWindow.postMessage({message:"ready",secret:r},"*")}}}}(window,document);
</script>

Jornada de trabajo en el vector “Lucha contra el Cambio Climático” presidida por Isabel Oller, donde la empresa Ecoterrae explicó los objetivos del cálculo de la huella de carbono para el ayuntamiento y el municipio de Almería, y coordinó la dinámica grupal, poniendo en valor los puntos fuertes y débiles del municipio en la lucha [...]Read More...
